hen 26 is divided by h(6).
12
Let l(u) = -108*u + 70. Calculate the remainder when l(-2) is divided by 16.
14
Let r(s) = 15*s**2 - 12*s + 6. What is the remainder when 134 is divided by r(2)?
8
Suppose 77 = 5*y - r, -7*y = -0*y - 4*r - 100. Suppose q + 18 = 3*q. Calculate the remainder when y is divided by q.
7
Let r(l) = -24*l + 52. Calculate the remainder when r(2) is divided by 1.
0
Let x be -4*(0 - 1)/(-14 - -15). Suppose 5*u - x*b - 133 = 0, -2*u + 23 + 38 = b. Calculate the remainder when u is divided by 6.
5
Suppose 0 = 3*l - 6, -4*i = l - 6799 + 757. Calculate the remainder when i is divided by 24.
22
Let n(g) = -2*g - 5. Let r be -31*2*2/(-2). Suppose -r + 11 = -3*q. Calculate the remainder when q is divided by n(-5).
2
Suppose -16 = 5*k - 2*m, -k - 7 = 4*m + 5. Let c be 40/(-6)*(-30)/k. Let z = 70 + c. What is the remainder when z is divided by 11?
9
Let a(n) = n - 5. Let b be a(5). Suppose 3*j = -b*j + 9. Calculate the remainder when -3*j/(18/(-10)) is divided by 3.
2
Suppose 3*i + o - 3649 = 0, 0 = i - 0*i + 3*o - 1211. What is the remainder when i is divided by 61?
58
Suppose -m - h + 103 = 0, 13*h + 309 = 3*m + 11*h. Calculate the remainder when m is divided by 2 + 0 + 96/4.
25
Let l(f) = -2*f**2 + 1 - 3*f - f + 0*f + 7*f**2. What is the remainder when l(3) is divided by 9?
7
Suppose 0 = -3*n + 3*q + 171, 3*q = 43*n - 48*n + 269. Calculate the remainder when n is divided by 22.
11
Let r = 6 + 29. Suppose 4*n = -p + 18, -n + r = -3*p + 115. Suppose 14 = -3*k + 5*k. Calculate the remainder when p is divided by k.
5
Suppose 0 = -4*w + 2*w - 2, 2*w - 6 = -4*i. What is the remainder when 28 is divided by i?
0
Suppose -3*z + 111 = 4*y + 2*z, 2*y - 57 = -3*z. Suppose -h + 66 = 3*j + 7, -5*j = h - 69. What is the remainder when h is divided by y?
20
Calculate the remainder when 4 + 7/(21/9) is divided by 4.
3
Let y(w) = w**2 + 7*w + 7. Suppose 3*l = -4*c + 172, 2*c - 72 = -2*l + 4*l. Let z = 42 - c. Calculate the remainder when z is divided by y(-6).
0
Suppose 18 = -6*p + 3*p + 2*o, 3 = o. Let y be (1 + 0/p)*-5. What is the remainder when 28 is divided by (-39)/(-5) - 1/y?
4
Calculate the remainder when 142 + 2/((-50)/(-15) - 4) is divided by 4.
3
Suppose -5*m + 10 = 5*g, m = 5*m - 4*g + 8. Let q = m + 5. Suppose j - q*z - 24 = 22, 4*j - 2*z = 94. Calculate the remainder when j is divided by 11.
10
Suppose -4*o = -380 - 2020. Suppose 4*z - d - o = 3*d, 2*z - 320 = -2*d. Calculate the remainder when z is divided by 13.
12
Let n(t) = 3*t**3 + 17*t - 183. Calculate the remainder when n(7) is divided by 44.
41
Suppose -3*g + 3*d - 196 = -7*g, 2*d - 8 = 0. Suppose -6501 = -41*u + 1002. Calculate the remainder when u is divided by g.
45
Let q(z) = -z**3 + 12*z**2 - 19*z - 3. Let p(f) = 3*f + 28. Let y be p(-6). Suppose 0 = 3*o - 1 - 11. Calculate the remainder when q(y) is divided by o.
3
Let k = 5 - 2. Suppose -k*s = 1383 + 327. What is the remainder when (-8)/(-28) + s/(-14) is divided by 22?
19
Let d = -16 + 13. Let t be (3 - d)/3 + 35. What is the remainder when (1 + -4)*t/(-3) is divided by 13?
11
Suppose 4*t + 148 = 528. What is the remainder when t is divided by 22 + (0 - -2) + 1?
20
Let c = -83 + -80. Let p = -115 - c. Let g = 282 + -257. Calculate the remainder when p is divided by g.
23
Let p = -154 + 189. What is the remainder when 125 is divided by p?
20
Suppose -5*r + 2*b = 38, 2*b + 0 = -r - 10. Let x = 39 - r. What is the remainder when x is divided by 16?
15
Suppose 0 = 3*l + 2*k - 78, -4*l - 4*k + 56 = -44. Suppose -r = 4*g + 21, -3*g + 1 = 2*r + l. What is the remainder when r/(-21) + 92/14 is divided by 2?
1
Let v(k) = 4*k - 33. What is the remainder when 172 is divided by v(10)?
4
Let x(w) be the second derivative of w**4/4 + 2*w**3/3 - 17*w**2/2 + 13*w. What is the remainder when x(5) is divided by 20?
18
Let l(o) = 5*o**2 - 32*o - 84. What is the remainder when l(-3) is divided by 18?
3
Let z(c) = c + 26. Suppose 0 = -5*i + 3*l + 162, -4*l + 135 = 4*i - l. Suppose 0*y - 3*y = i. Calculate the remainder when z(y) is divided by 6.
3
Let b = 128 - -3. Calculate the remainder when b is divided by 17.
12
Let u = -9 + 13. Calculate the remainder when 61 is divided by -4*(74/(-8) + u).
19
What is the remainder when (7 - 165)*((-3)/1)/6 is divided by 5?
4
Suppose -396*r - 458 = -398*r. What is the remainder when r is divided by 33?
31
Let s = -9 - -3. Let r = 14 + s. Calculate the remainder when 29 is divided by r.
5
Let b(c) = 1377*c - 14. What is the remainder when b(1) is divided by 62?
61
Let q(u) = -9*u - 4. Let s(b) = b + 4. Let g be s(-7). What is the remainder when q(g) is divided by 12?
11
Let y = -276 - -293. What is the remainder when 251 is divided by y?
13
Let p = -165 - -165. Suppose -4*z + 2*z + 3*x + 42 = 0, p = -4*z + 2*x + 76. Suppose -4*a = -5*a + 50. What is the remainder when a is divided by z?
14
Let m(c) be the third derivative of -c**5/60 - c**4/6 + 3*c**3 + 4*c**2. What is the remainder when m(-6) is divided by 5?
1
Suppose -2*h - 6 + 21 = l, 0 = l - h - 24. Calculate the remainder when 310 is divided by l.
16
Let j be (-3)/(-6) - 35/10. Let n be 3/(7/((-28)/j)). Suppose -3*l - 6 = -l, -q - n*l = -10. Calculate the remainder when 107 is divided by q.
19
Suppose -2215 = -2*r - v, v = -0*v + 1. What is the remainder when r is divided by 15?
12
Let j(b) = -7*b - 11. Let f(s) = -s**3 + 7*s**2 - 5*s - 3. What is the remainder when j(-3) is divided by f(6)?
1
Suppose -13 - 12 = -5*r. Suppose -25 = 5*n, 2*n = -r*m - n + 10. Suppose -2*o + 0*o - 4 = z, -z - m*o = 16. What is the remainder when 7 is divided by z?
3
Suppose 2*s + b - 12 = 0, -1 = s - b - 7. Suppose 19*a = s*a + 169. What is the remainder when 37 is divided by a?
11
Let l(y) be the second derivative of y**3/6 + 13*y**2 + 23*y. What is the remainder when l(0) is divided by 16?
10
Let w = 44 + -9. Let g be 4/2 + (7 - -9). Suppose v = 2*v - g. What is the remainder when w is divided by v?
17
Suppose -514*n + 505*n = -1566. Calculate the remainder when n is divided by 59.
56
Suppose -5*y + 14 = -6. Suppose 36 = 5*i - y*i. Calculate the remainder when i is divided by 19.
17
Let t be 1/(1/1)*0. Suppose t = f + 3*f. Suppose -4*z = 4*j - 24, 0 = -2*z - f*z + 5*j + 19. Calculate the remainder when 12 is divided by z.
5
Suppose 0 = 4*m - 12, 4*v - 5*m = 59 + 46. Let i = 77 - v. Calculate the remainder when i is divided by 10.
7
Let b be (-302)/(-2) - (-6)/(-12)*-2. Suppose -i = 3*i - b. Calculate the remainder when i is divided by 13.
12
Suppose 2*d - 10 = 0, -2*x - 3*x + d + 35 = 0. Let c = x - 2. Suppose -4*j + 14*h - 15*h + 72 = 0, -2*h + 8 = 0. Calculate the remainder when j is divided by c.
5
Let v(z) = z**3 + 9*z**2 - 3*z + 9. Let m be v(-9). Suppose -m = -6*j + 138. Let c(b) = b**3 - 9*b**2 + 9*b. What is the remainder when j is divided by c(8)?
5
Suppose -2*r = 4*t + 30, -30 = 2*r + 2*r - 2*t. Let n(p) = -p**3 - 7*p**2 + 10*p - 5. What is the remainder when n(r) is divided by 15?
7
Suppose 2*m = 5*a - 211 + 56, 4*a - 2*m - 124 = 0. Let j(k) = 120*k**2 + 1. What is the remainder when j(1) is divided by a?
28
Calculate the remainder when 235 is divided by (-4 - 60/(-9))*9.
19
Let x(d) = -d**3 - 4*d**2 + 9*d - 2. Let w(l) = -4*l + 12. Let f be w(-6). Let b = -19 + f. Calculate the remainder when x(-7) is divided by b.
14
What is the remainder when 48 is divided by (1 - (-30)/(-18)) + 86/3?
20
Suppose 2*r = -i + 9, -5*r + 13 + 2 = i. Suppose -f + 7 = -i*k, 2*f - k + 5*k - 42 = 0. Let b(m) = -3*m - 23. What is the remainder when b(-18) is divided by f?
14
Let z = -760 + 928. What is the remainder when z is divided by 86?
82
Let f = 31 + -15. Suppose -11*r = -f*r + 95. What is the remainder when 52 is divided by r?
14
Let z(t) = t**3 - 4*t**2 - 18*t + 11. Let r be z(7). Suppose 6*j = 2*j + r. Calculate the remainder when 31 is divided by j.
7
Let b be (-4)/22 - 5682/(-33). Calculate the remainder when 37 is divided by 1/(b/56 + -3).
9
Let b(m) = -m**2 - 36*m - 75. Let y be b(-29). Let g = -122 + y. Let p = -7 - -30. What is the remainder when p is divided by g?
5
Suppose 84 - 53 = l. Calculate the remainder when l is divided by 11.
9
Suppose -s = 27 - 205. Let a = 5 - -25. Calculate the remainder when s is divided by a.
28
Suppose -4*m + 252 = -0*m. Ca